{"id":126,"date":"2022-04-25T13:25:13","date_gmt":"2022-04-25T13:25:13","guid":{"rendered":"http:\/\/anybodygermany.org\/?page_id=126"},"modified":"2022-12-31T12:02:07","modified_gmt":"2022-12-31T12:02:07","slug":"campaign-history","status":"publish","type":"page","link":"https:\/\/anybodygermany.org\/?page_id=126","title":{"rendered":"Kampagnen, Vortr\u00e4ge, Workshops"},"content":{"rendered":"<p>[et_pb_section fb_built=&#8220;1&#8243; admin_label=&#8220;Header&#8220; _builder_version=&#8220;4.16&#8243; _module_preset=&#8220;default&#8220; background_color=&#8220;#f5f3ee&#8220; min_height=&#8220;2386.3px&#8220; custom_padding=&#8220;||0px|||&#8220; global_colors_info=&#8220;{}&#8220;][et_pb_row column_structure=&#8220;1_2,1_2&#8243; _builder_version=&#8220;4.16&#8243; _module_preset=&#8220;default&#8220; global_colors_info=&#8220;{}&#8220;][et_pb_column type=&#8220;1_2&#8243; _builder_version=&#8220;4.16&#8243; _module_preset=&#8220;default&#8220; custom_padding=&#8220;6%||||false|false&#8220; custom_padding_tablet=&#8220;0%||||false|false&#8220; custom_padding_phone=&#8220;&#8220; custom_padding_last_edited=&#8220;on|tablet&#8220; global_colors_info=&#8220;{}&#8220;][et_pb_text _builder_version=&#8220;4.17.4&#8243; _module_preset=&#8220;default&#8220; header_4_font=&#8220;DM Sans|700||on|||||&#8220; header_4_text_color=&#8220;#f26f63&#8243; header_4_font_size=&#8220;14px&#8220; header_4_letter_spacing=&#8220;1px&#8220; header_4_line_height=&#8220;1.5em&#8220; custom_margin=&#8220;||0px||false|false&#8220; header_4_font_size_tablet=&#8220;14px&#8220; header_4_font_size_phone=&#8220;&#8220; header_4_font_size_last_edited=&#8220;on|tablet&#8220; locked=&#8220;off&#8220; global_colors_info=&#8220;{}&#8220;]<\/p>\n<h4>ANYBODY<\/h4>\n<p>[\/et_pb_text][et_pb_text _builder_version=&#8220;4.17.3&#8243; _module_preset=&#8220;default&#8220; header_font=&#8220;DM Sans||||||||&#8220; header_text_color=&#8220;#093532&#8243; header_font_size=&#8220;64px&#8220; header_letter_spacing=&#8220;-0.02em&#8220; header_line_height=&#8220;1.15em&#8220; custom_margin=&#8220;||16px||false|false&#8220; header_font_size_tablet=&#8220;40px&#8220; header_font_size_phone=&#8220;24px&#8220; header_font_size_last_edited=&#8220;on|desktop&#8220; locked=&#8220;off&#8220; global_colors_info=&#8220;{}&#8220;]<\/p>\n<h1>Kampagnen, Vortr\u00e4ge, Workshops<\/h1>\n<p>[\/et_pb_text][et_pb_text _builder_version=&#8220;4.17.4&#8243; _module_preset=&#8220;default&#8220; text_font=&#8220;DM Sans|700|||||||&#8220; text_text_color=&#8220;#0F393B&#8220; text_font_size=&#8220;18px&#8220; text_line_height=&#8220;1.8em&#8220; text_font_size_tablet=&#8220;16px&#8220; text_font_size_phone=&#8220;14px&#8220; text_font_size_last_edited=&#8220;on|phone&#8220; locked=&#8220;off&#8220; global_colors_info=&#8220;{}&#8220;]<\/p>\n<p><span style=\"font-weight: 400;\">Infos \u00fcber unsere Kampagnen,\u00a0<\/span><span style=\"font-weight: normal;\">Vortr\u00e4ge<\/span><span style=\"font-weight: 400;\">\u00a0und Veranstaltungen\u00a0<\/span><\/p>\n<p>[\/et_pb_text][\/et_pb_column][et_pb_column type=&#8220;1_2&#8243; _builder_version=&#8220;4.16&#8243; _module_preset=&#8220;default&#8220; global_colors_info=&#8220;{}&#8220;][et_pb_image src=&#8220;http:\/\/anybodygermany.org\/wp-content\/uploads\/2022\/12\/AnyBody-Sticker.jpg&#8220; title_text=&#8220;AnyBody Sticker&#8220; _builder_version=&#8220;4.19.4&#8243; _module_preset=&#8220;default&#8220; locked=&#8220;off&#8220; global_colors_info=&#8220;{}&#8220;][\/et_pb_image][\/et_pb_column][\/et_pb_row][et_pb_row _builder_version=&#8220;4.17.4&#8243; _module_preset=&#8220;default&#8220; global_colors_info=&#8220;{}&#8220;][et_pb_column type=&#8220;4_4&#8243; _builder_version=&#8220;4.17.4&#8243; _module_preset=&#8220;default&#8220; global_colors_info=&#8220;{}&#8220;][et_pb_toggle title=&#8220;September 2022 &#8211; Lesung mit Melodie Michelberger&#8220; _builder_version=&#8220;4.17.4&#8243; _module_preset=&#8220;default&#8220; title_font=&#8220;Cabin||||||||&#8220; closed_title_font=&#8220;Cabin|700|||||||&#8220; closed_title_font_size=&#8220;20px&#8220; global_colors_info=&#8220;{}&#8220;]<\/p>\n<p><strong>Hamburg: Lesung von Melodie Michelberger<\/strong><span> aus ihrem Buch <\/span><strong>\u201cBody Politics\u201d<\/strong><span> mit anschlie\u00dfendem Gespr\u00e4ch, moderiert von AnyBody Germany<\/span><\/p>\n<p>[\/et_pb_toggle][et_pb_toggle title=&#8220;Juni 2020 &#8211; Vortrag: \u201cGeschichte der Sch\u00f6nheitsideale\u201d&#8220; _builder_version=&#8220;4.17.4&#8243; _module_preset=&#8220;default&#8220; title_font=&#8220;Cabin||||||||&#8220; closed_title_font=&#8220;Cabin|700|||||||&#8220; closed_title_font_size=&#8220;20px&#8220; global_colors_info=&#8220;{}&#8220;]<\/p>\n<p><span style=\"font-weight: 400;\">AK Gesundheit der Stipendiat*innen der Friedrich Ebert Stiftung, online: Vortrag \u201cGeschichte der Sch\u00f6nheitsideale\u201d mit anschlie\u00dfender Diskussion.<\/span><a href=\"https:\/\/anybodyuk.medium.com\/open-letter-calling-to-change-ob-sity-strategy-better-health-campaign-cbfe5708cb9f\"><span style=\"font-weight: 400;\"><\/span><\/a><\/p>\n<p>[\/et_pb_toggle][et_pb_toggle title=&#8220;Juli 2018 &#8211; Vortrag: \u201cHairfree, carefree? Die Politik von haarlosen Sch\u00f6nheitsidealen und der Druck auf Frauen\u201d&#8220; _builder_version=&#8220;4.17.4&#8243; _module_preset=&#8220;default&#8220; title_font=&#8220;Cabin||||||||&#8220; closed_title_font=&#8220;Cabin|700|||||||&#8220; closed_title_font_size=&#8220;20px&#8220; global_colors_info=&#8220;{}&#8220;]<\/p>\n<p><span>Universit\u00e4t Kiel: Vortrag <\/span><strong>\u201cHairfree, carefree? Die Politik von haarlosen Sch\u00f6nheitsidealen und der Druck auf Frauen\u201d<\/strong><span> mit anschlie\u00dfender Diskussion im Rahmen einer studentisch organisierten Vortragsreihe.<\/span><\/p>\n<p>[\/et_pb_toggle][et_pb_toggle title=&#8220;Juni 2017 &#8211; Inputvortrag: \u201cSchlankheitsterror as usual bei GNTM, neue Vielfalt auf den Laufstegen \u2013 quo vadis, Sch\u00f6nheitsideal?\u201d&#8220; _builder_version=&#8220;4.17.4&#8243; _module_preset=&#8220;default&#8220; title_font=&#8220;Cabin||||||||&#8220; closed_title_font=&#8220;Cabin|700|||||||&#8220; closed_title_font_size=&#8220;20px&#8220; global_colors_info=&#8220;{}&#8220;]<\/p>\n<p><span>Feministisches Barcamp, Hannover: Inputvortrag und Diskussion zu <\/span><strong>\u201cSchlankheitsterror as usual bei GNTM, neue Vielfalt auf den Laufstegen \u2013 quo vadis, Sch\u00f6nheitsideal?&#8220;<\/strong><\/p>\n<p>[\/et_pb_toggle][et_pb_toggle title=&#8220;Januar 2017 bis Dezember 2018 &#8211; Internationale Unterschriftenkampagne: \u201cSurgery Is Not A Game\u201d&#8220; _builder_version=&#8220;4.17.4&#8243; _module_preset=&#8220;default&#8220; title_font=&#8220;Cabin||||||||&#8220; closed_title_font=&#8220;Cabin|700|||||||&#8220; closed_title_font_size=&#8220;20px&#8220; global_colors_info=&#8220;{}&#8220;]<\/p>\n<p><span>Aufruf an Amazon, Google und Apple, Richtlinien in ihren Stores zu etablieren, damit keine Games, die sog. Sch\u00f6nheits-OPs verherrlichen, an Kinder vermarktet werden. In den Stores aller drei Anbieter verschwanden sukzessive die entsprechenden Spiele. Unser Gespr\u00e4chsangebot wurde ausgeschlagen.<\/span><\/p>\n<p>[\/et_pb_toggle][et_pb_toggle title=&#8220;M\u00e4rz 2016 &#8211; Inputvortrag: \u201cWie nachhaltig ist die \u201cneue Vielfalt\u201d auf den Laufstegen und in den Medien?\u201d&#8220; _builder_version=&#8220;4.17.4&#8243; _module_preset=&#8220;default&#8220; title_font=&#8220;Cabin||||||||&#8220; closed_title_font=&#8220;Cabin|700|||||||&#8220; closed_title_font_size=&#8220;20px&#8220; global_colors_info=&#8220;{}&#8220;]<\/p>\n<p><span>M\u00e4rz 2016: Frauen Barcamp, Berlin: Inputvortrag und Diskussion zu <\/span><strong>\u201cWie nachhaltig ist die \u201cneue Vielfalt\u201d auf den Laufstegen und in den Medien?\u201d<\/strong><\/p>\n<p>[\/et_pb_toggle][et_pb_toggle title=&#8220;Juli 2015 &#8211; Filmpremiere: \u201cSeht mich verschwinden\u201d, Podiumsgespr\u00e4ch \u00fcber Schlankheitsdruck und Essst\u00f6rungen&#8220; _builder_version=&#8220;4.17.4&#8243; _module_preset=&#8220;default&#8220; title_font=&#8220;Cabin||||||||&#8220; closed_title_font=&#8220;Cabin|700|||||||&#8220; closed_title_font_size=&#8220;20px&#8220; global_colors_info=&#8220;{}&#8220;]<\/p>\n<p><span>Juli 2015, Filmpremiere \u201cSeht mich verschwinden\u201d, Cin\u00e9math\u00e8que Leipzig: Gast f\u00fcr Podiumsgespr\u00e4ch \u00fcber Schlankheitsdruck und Essst\u00f6rungen.<\/span><\/p>\n<p>[\/et_pb_toggle][et_pb_toggle title=&#8220;Juli 2015 bis Dezember 2022 &#8211; Stickerkampagne: \u201cOh, wie sch\u00f6n du bist\u201d&#8220; _builder_version=&#8220;4.19.4&#8243; _module_preset=&#8220;default&#8220; title_font=&#8220;Cabin||||||||&#8220; closed_title_font=&#8220;Cabin|700|||||||&#8220; closed_title_font_size=&#8220;20px&#8220; global_colors_info=&#8220;{}&#8220;]<\/p>\n<p><span>Juli 2015 bis Dezember 2022 Stickerkampagne <\/span><strong>\u201cOh, wie sch\u00f6n du bist\u201d<\/strong><span>, <\/span><strong>\u201cWow, deine K\u00f6rper ist einzigartig\u201d<\/strong><span> und <\/span><strong>\u201cYeah, Selbstliebe!\u201d<\/strong><span>: Einladung, ein positives K\u00f6rperbild zu verbreiten.<\/span><\/p>\n<p>[\/et_pb_toggle][et_pb_toggle title=&#8220;M\u00e4rz 2015- Internationale Unterschriftenkampagne: \u201cFat Is Not A Feeling\u201d&#8220; _builder_version=&#8220;4.17.4&#8243; _module_preset=&#8220;default&#8220; title_font=&#8220;Cabin||||||||&#8220; closed_title_font=&#8220;Cabin|700|||||||&#8220; closed_title_font_size=&#8220;20px&#8220; global_colors_info=&#8220;{}&#8220;]<\/p>\n<p><span>Aufruf an Facebook, die Emoticons \u201cIch f\u00fchle mich fett\u201d und \u201cIch f\u00fchle mich h\u00e4sslich\u201d zu entfernen. Facebook reagierte, l\u00f6schte die Emoticons und entschuldigte sich. Ein Gespr\u00e4ch zwischen AnyBody und Facebook fand statt.<\/span><\/p>\n<p>[\/et_pb_toggle][et_pb_toggle title=&#8220;April 2014 &#8211; Fotoausstellung: \u201cLove Me\u201d des Fotografen Zed Nelson&#8220; _builder_version=&#8220;4.19.4&#8243; _module_preset=&#8220;default&#8220; title_font=&#8220;Cabin||||||||&#8220; closed_title_font=&#8220;Cabin|700|||||||&#8220; closed_title_font_size=&#8220;20px&#8220; global_colors_info=&#8220;{}&#8220;]<\/p>\n<p><span>April 2014, FREELENS Galerie, Hamburg: <\/span><strong>Fotoausstellung \u201cLove Me\u201d des Fotografen Zed Nelson<\/strong><span>, gemeinsam initiiert mit <\/span><a href=\"https:\/\/freelens.com\" target=\"_blank\" rel=\"noopener\">FREELENS.<\/a><span> Er\u00f6ffnungsvortrag zur Fotoausstellung.<\/span><\/p>\n<p>[\/et_pb_toggle][et_pb_toggle title=&#8220;Februar 2014 &#8211; Vortrag: \u201cSch\u00f6nheitswahn \u2013 Wie wir unsere K\u00f6rper hassen lernen\u201d&#8220; _builder_version=&#8220;4.17.4&#8243; _module_preset=&#8220;default&#8220; title_font=&#8220;Cabin||||||||&#8220; closed_title_font=&#8220;Cabin|700|||||||&#8220; closed_title_font_size=&#8220;20px&#8220; global_colors_info=&#8220;{}&#8220;]<\/p>\n<p><span>Februar 2014, Frauengesundheitstag \u201cDer gemachte K\u00f6rper \u2013 die normierte Frau\u201d, Erlangen: <\/span><strong>Er\u00f6ffnungsvortrag \u201cSch\u00f6nheitswahn \u2013 Wie wir unsere K\u00f6rper hassen lernen\u201d<\/strong><span>.<\/span><\/p>\n<p>[\/et_pb_toggle][et_pb_toggle title=&#8220;November 2013 &#8211; Vortrag: \u201cSch\u00f6n wahnsinnig \u2013 Konstruktion von K\u00f6rperkult\u201d&#8220; _builder_version=&#8220;4.17.4&#8243; _module_preset=&#8220;default&#8220; title_font=&#8220;Cabin||||||||&#8220; closed_title_font=&#8220;Cabin|700|||||||&#8220; closed_title_font_size=&#8220;20px&#8220; global_colors_info=&#8220;{}&#8220;]<\/p>\n<p><span>November 2013, Jahrestagung \u201eGrenz\u00fcberschreitungen \u2013 Frauengesundheit in einer globalisierten Welt\u201c des AKF (Arbeitskreis Frauengesundheit in Medizin, Psychotherapie und Gesellschaft e.V.): Vortrag <\/span><strong>\u201cSch\u00f6n wahnsinnig \u2013 Konstruktion von K\u00f6rperkult\u201d<\/strong><span> mit anschlie\u00dfender Diskussion.<\/span><\/p>\n<p>[\/et_pb_toggle][et_pb_toggle title=&#8220;Oktober 2013 &#8211; Inputvortrag: \u201cWas ist Sch\u00f6nheit? Aktuelle Beispiele des Sch\u00f6nheitswahns\u201d&#8220; _builder_version=&#8220;4.17.4&#8243; _module_preset=&#8220;default&#8220; title_font=&#8220;Cabin||||||||&#8220; closed_title_font=&#8220;Cabin|700|||||||&#8220; closed_title_font_size=&#8220;20px&#8220; global_colors_info=&#8220;{}&#8220;]<\/p>\n<p><span>Oktober 2013, Frauen Barcamp, Berlin: Inputvortrag zu \u201c<\/span><strong>Was ist Sch\u00f6nheit? Aktuelle Beispiele des Sch\u00f6nheitswahns\u201d<\/strong><span> mit anschlie\u00dfender Diskussion.<\/span><\/p>\n<p>[\/et_pb_toggle][et_pb_toggle title=&#8220;Juni 2013 &#8211; Workshop zu k\u00f6rperlicher Vielfalt im Rahmen der schuleigenen Projektwoche&#8220; _builder_version=&#8220;4.19.4&#8243; _module_preset=&#8220;default&#8220; title_font=&#8220;Cabin||||||||&#8220; closed_title_font=&#8220;Cabin|700|||||||&#8220; closed_title_font_size=&#8220;20px&#8220; global_colors_info=&#8220;{}&#8220;]<\/p>\n<p><span>Juni 2013, Friedrich-Paulsen-Schule, Nieb\u00fcll: <\/span><strong>Workshop zu k\u00f6rperlicher Vielfalt im Rahmen der schuleigenen Projektwoche.<\/strong><span>Mit\u00a0 Sch\u00fcler*innen der Jahrg\u00e4nge 10 und h\u00f6her diskutierten wir u.a. unter Genderaspekten \u00fcber die Darstellung vermeintlich perfekter K\u00f6rper in Zeitschriften und erarbeiteten gemeinsam Selbsterm\u00e4chtigungsstrategien.<\/span><\/p>\n<p>[\/et_pb_toggle][et_pb_toggle title=&#8220;Oktober 2012 &#8211; Inputvortrag: Vorstellung der Initiative und Diskussion \u00fcber die toxische Kultur der Sch\u00f6nheitsideale.&#8220; _builder_version=&#8220;4.19.4&#8243; _module_preset=&#8220;default&#8220; title_font=&#8220;Cabin||||||||&#8220; closed_title_font=&#8220;Cabin|700|||||||&#8220; closed_title_font_size=&#8220;20px&#8220; min_height=&#8220;63px&#8220; custom_padding=&#8220;||14px|||&#8220; global_colors_info=&#8220;{}&#8220;]<\/p>\n<p><span>Oktober 2012, Frauen Barcamp, Berlin: <\/span><strong>Vorstellung der Initiative und Diskussion<\/strong><span> \u00fcber die toxische Kultur der Sch\u00f6nheitsideale.<\/span><\/p>\n<p>[\/et_pb_toggle][et_pb_toggle title=&#8220;August 2012 bis August 2013 &#8211; Stickerkampagne: \u201cWas ist Sch\u00f6nheit?\u201d&#8220; _builder_version=&#8220;4.19.4&#8243; _module_preset=&#8220;default&#8220; title_font=&#8220;Cabin||||||||&#8220; closed_title_font=&#8220;Cabin|700|||||||&#8220; closed_title_font_size=&#8220;20px&#8220; min_height=&#8220;40px&#8220; custom_margin=&#8220;||-64px|||&#8220; custom_padding=&#8220;||28px|||&#8220; global_colors_info=&#8220;{}&#8220;]<\/p>\n<p><span>August 2012 bis August 2013, Stickerkampagne <\/span><strong>\u201cWas ist Sch\u00f6nheit?\u201d<\/strong><span>: Einladung zur Reflektion \u00fcber die Definition von Sch\u00f6nheit.<\/span><\/p>\n<p>[\/et_pb_toggle][\/et_pb_column][\/et_pb_row][\/et_pb_section][et_pb_section fb_built=&#8220;1&#8243; admin_label=&#8220;Footer&#8220; _builder_version=&#8220;4.17.4&#8243; _module_preset=&#8220;default&#8220; background_color=&#8220;#f26f63&#8243; min_height=&#8220;385.3px&#8220; custom_margin=&#8220;62px|||||&#8220; custom_padding=&#8220;2vw||2vw||true|false&#8220; border_radii=&#8220;off|20px|20px||&#8220; global_module=&#8220;215&#8243; saved_tabs=&#8220;all&#8220; locked=&#8220;off&#8220; global_colors_info=&#8220;{}&#8220;][et_pb_row _builder_version=&#8220;4.16&#8243; _module_preset=&#8220;default&#8220; global_colors_info=&#8220;{}&#8220;][et_pb_column type=&#8220;4_4&#8243; _builder_version=&#8220;4.16&#8243; _module_preset=&#8220;default&#8220; global_colors_info=&#8220;{}&#8220;][et_pb_text _builder_version=&#8220;4.17.4&#8243; _module_preset=&#8220;df96b77a-cd4f-44a8-a771-2d6347592b53&#8243; header_2_font=&#8220;DM Sans||||||||&#8220; header_2_text_align=&#8220;center&#8220; header_2_text_color=&#8220;#ffffff&#8220; header_2_font_size=&#8220;50px&#8220; header_2_letter_spacing=&#8220;-0.02em&#8220; header_2_line_height=&#8220;1.15em&#8220; max_width=&#8220;960px&#8220; module_alignment=&#8220;center&#8220; header_2_text_align_tablet=&#8220;left&#8220; header_2_text_align_phone=&#8220;&#8220; header_2_text_align_last_edited=&#8220;on|phone&#8220; header_2_font_size_tablet=&#8220;32px&#8220; header_2_font_size_phone=&#8220;20px&#8220; header_2_font_size_last_edited=&#8220;on|desktop&#8220; locked=&#8220;off&#8220; global_colors_info=&#8220;{}&#8220;]<\/p>\n<h2>Engagiere dich mit uns gegen den Schlankheitswahn<\/h2>\n<p>[\/et_pb_text][\/et_pb_column][\/et_pb_row][et_pb_row column_structure=&#8220;1_3,1_3,1_3&#8243; _builder_version=&#8220;4.16&#8243; _module_preset=&#8220;default&#8220; custom_padding=&#8220;0px||||false|false&#8220; global_colors_info=&#8220;{}&#8220;][et_pb_column type=&#8220;1_3&#8243; _builder_version=&#8220;4.16&#8243; _module_preset=&#8220;default&#8220; global_colors_info=&#8220;{}&#8220;][\/et_pb_column][et_pb_column type=&#8220;1_3&#8243; _builder_version=&#8220;4.16&#8243; _module_preset=&#8220;default&#8220; global_colors_info=&#8220;{}&#8220;][et_pb_text _builder_version=&#8220;4.19.4&#8243; _module_preset=&#8220;default&#8220; text_font=&#8220;|||||on|||&#8220; text_text_color=&#8220;#000000&#8243; text_font_size=&#8220;22px&#8220; link_text_color=&#8220;#FFFFFF&#8220; text_orientation=&#8220;right&#8220; width=&#8220;93.5%&#8220; custom_margin=&#8220;|-185px||||&#8220; custom_padding=&#8220;|||1px||&#8220; text_font_size_tablet=&#8220;18px&#8220; text_font_size_phone=&#8220;14px&#8220; text_font_size_last_edited=&#8220;on|tablet&#8220; text_orientation_tablet=&#8220;left&#8220; text_orientation_phone=&#8220;&#8220; text_orientation_last_edited=&#8220;on|tablet&#8220; global_colors_info=&#8220;{}&#8220; link_text_color__hover_enabled=&#8220;on|hover&#8220; link_text_color__hover=&#8220;#FFFFFF&#8220;]<\/p>\n<p style=\"text-align: left;\"><strong>Email:\u00a0<\/strong><br \/>kontakt@anybodydeutschland.de<\/p>\n<p>[\/et_pb_text][\/et_pb_column][et_pb_column type=&#8220;1_3&#8243; _builder_version=&#8220;4.16&#8243; _module_preset=&#8220;default&#8220; global_colors_info=&#8220;{}&#8220;][\/et_pb_column][\/et_pb_row][\/et_pb_section]<\/p>\n","protected":false},"excerpt":{"rendered":"<p>ANYBODYKampagnen, Vortr\u00e4ge, WorkshopsInfos \u00fcber unsere Kampagnen,\u00a0Vortr\u00e4ge\u00a0und Veranstaltungen\u00a0Hamburg: Lesung von Melodie Michelberger aus ihrem Buch \u201cBody Politics\u201d mit anschlie\u00dfendem Gespr\u00e4ch, moderiert von AnyBody GermanyAK Gesundheit der Stipendiat*innen der Friedrich Ebert Stiftung, online: Vortrag \u201cGeschichte der Sch\u00f6nheitsideale\u201d mit anschlie\u00dfender Diskussion.Universit\u00e4t Kiel: Vortrag \u201cHairfree, carefree? Die Politik von haarlosen Sch\u00f6nheitsidealen und der Druck auf Frauen\u201d mit anschlie\u00dfender Diskussion [&hellip;]<\/p>\n","protected":false},"author":1,"featured_media":0,"parent":0,"menu_order":0,"comment_status":"closed","ping_status":"closed","template":"","meta":{"_et_pb_use_builder":"on","_et_pb_old_content":"","_et_gb_content_width":""},"_links":{"self":[{"href":"https:\/\/anybodygermany.org\/index.php?rest_route=\/wp\/v2\/pages\/126"}],"collection":[{"href":"https:\/\/anybodygermany.org\/index.php?rest_route=\/wp\/v2\/pages"}],"about":[{"href":"https:\/\/anybodygermany.org\/index.php?rest_route=\/wp\/v2\/types\/page"}],"author":[{"embeddable":true,"href":"https:\/\/anybodygermany.org\/index.php?rest_route=\/wp\/v2\/users\/1"}],"replies":[{"embeddable":true,"href":"https:\/\/anybodygermany.org\/index.php?rest_route=%2Fwp%2Fv2%2Fcomments&post=126"}],"version-history":[{"count":14,"href":"https:\/\/anybodygermany.org\/index.php?rest_route=\/wp\/v2\/pages\/126\/revisions"}],"predecessor-version":[{"id":689,"href":"https:\/\/anybodygermany.org\/index.php?rest_route=\/wp\/v2\/pages\/126\/revisions\/689"}],"wp:attachment":[{"href":"https:\/\/anybodygermany.org\/index.php?rest_route=%2Fwp%2Fv2%2Fmedia&parent=126"}],"curies":[{"name":"wp","href":"https:\/\/api.w.org\/{rel}","templated":true}]}}